hen 604 is divided by 23?
6
Calculate the remainder when 449 is divided by 218.
13
Calculate the remainder when 344 is divided by 23.
22
Calculate the remainder when 1887 is divided by 18.
15
What is the remainder when 111 is divided by 30?
21
What is the remainder when 13927 is divided by 70?
67
Calculate the remainder when 13934 is divided by 77.
74
What is the remainder when 393 is divided by 131?
0
What is the remainder when 17 is divided by 4?
1
What is the remainder when 328 is divided by 38?
24
Calculate the remainder when 120 is divided by 27.
12
What is the remainder when 3283 is divided by 31?
28
Calculate the remainder when 261 is divided by 84.
9
What is the remainder when 71 is divided by 1?
0
Calculate the remainder when 836 is divided by 413.
10
What is the remainder when 330 is divided by 201?
129
What is the remainder when 178 is divided by 11?
2
Calculate the remainder when 2644 is divided by 21.
19
Calculate the remainder when 107 is divided by 12.
11
Calculate the remainder when 37 is divided by 7.
2
Calculate the remainder when 104 is divided by 30.
14
Calculate the remainder when 16919 is divided by 5.
4
What is the remainder when 455 is divided by 76?
75
What is the remainder when 533 is divided by 77?
71
Calculate the remainder when 2591 is divided by 34.
7
Calculate the remainder when 208 is divided by 42.
40
Calculate the remainder when 225 is divided by 23.
18
Calculate the remainder when 18 is divided by 15.
3
What is the remainder when 4260 is divided by 87?
84
Calculate the remainder when 1110 is divided by 19.
8
What is the remainder when 333 is divided by 7?
4
Calculate the remainder when 285 is divided by 90.
15
What is the remainder when 440 is divided by 17?
15
What is the remainder when 1308 is divided by 23?
20
Calculate the remainder when 183 is divided by 61.
0
Calculate the remainder when 82 is divided by 60.
22
What is the remainder when 416 is divided by 158?
100
Calculate the remainder when 6497 is divided by 26.
23
Calculate the remainder when 279 is divided by 231.
48
What is the remainder when 1724 is divided by 99?
41
What is the remainder when 182 is divided by 24?
14
Calculate the remainder when 181 is divided by 114.
67
What is the remainder when 338 is divided by 98?
44
Calculate the remainder when 406 is divided by 71.
51
What is the remainder when 2780 is divided by 922?
14
What is the remainder when 1262 is divided by 631?
0
Calculate the remainder when 2929 is divided by 327.
313
What is the remainder when 11654 is divided by 22?
16
Calculate the remainder when 1398 is divided by 47.
35
What is the remainder when 2669 is divided by 10?
9
What is the remainder when 94 is divided by 48?
46
Calculate the remainder when 524 is divided by 24.
20
Calculate the remainder when 434 is divided by 23.
20
What is the remainder when 5845 is divided by 50?
45
What is the remainder when 84 is divided by 17?
16
Calculate the remainder when 49 is divided by 44.
5
Calculate the remainder when 635 is divided by 316.
3
What is the remainder when 146 is divided by 75?
71
Calculate the remainder when 28026 is divided by 28.
26
What is the remainder when 638 is divided by 160?
158
What is the remainder when 2175 is divided by 56?
47
What is the remainder when 469 is divided by 10?
9
What is the remainder when 688 is divided by 6?
4
What is the remainder when 331 is divided by 43?
30
What is the remainder when 267 is divided by 9?
6
Calculate the remainder when 1260 is divided by 405.
45
What is the remainder when 10192 is divided by 99?
94
Calculate the remainder when 3424 is divided by 681.
19
Calculate the remainder when 41 is divided by 13.
2
Calculate the remainder when 432 is divided by 40.
32
Calculate the remainder when 9176 is divided by 399.
398
Calculate the remainder when 230 is divided by 8.
6
What is the remainder when 72 is divided by 32?
8
What is the remainder when 3594 is divided by 24?
18
What is the remainder when 77 is divided by 35?
7
Calculate the remainder when 654 is divided by 43.
9
Calculate the remainder when 131 is divided by 46.
39
What is the remainder when 708 is divided by 95?
43
What is the remainder when 1163 is divided by 29?
3
Calculate the remainder when 2989 is divided by 34.
31
What is the remainder when 12 is divided by 12?
0
What is the remainder when 74 is divided by 25?
24
What is the remainder when 1073 is divided by 121?
105
Calculate the remainder when 1091 is divided by 52.
51
Calculate the remainder when 1948 is divided by 130.
128
Calculate the remainder when 59 is divided by 6.
5
Calculate the remainder when 45 is divided by 23.
22
What is the remainder when 479 is divided by 27?
20
Calculate the remainder when 91 is divided by 16.
11
Calculate the remainder when 2448 is divided by 43.
40
What is the remainder when 213 is divided by 20?
13
What is the remainder when 1060 is divided by 14?
10
What is the remainder when 542 is divided by 134?
6
Calculate the remainder when 1937 is divided by 114.
113
Calculate the remainder when 415 is divided by 207.
1
Calculate the remainder when 63 is divided by 7.
0
What is the remainder when 269 is divided by 71?
56
What is the remainder when 1044 is divided by 56?
36
What is the remainder when 59 is divided by 31?
28
What is the remainder when 4959 is divided by 31?
30
What is the remainder when 5 is divided by 2?
1
Calculate the remainder when 193 is divided by 48.
1
What is the remainder when 871 is divided by 112?
87
What is the remainder when 105 is divided by 9?
6
Calculate the remainder when 47 is divided by 24.
23
Calculate the remainder when 295 is divided by 16.
7
What is the remainder when 169 is divided by 43?
40
Calculate the remainder when 31 is divided by 10.
1
Calculate the remainder when 68 is divided by 20.
8
Calculate the remainder when 3146 is divided by 53.
19
What is the remainder when 143 is divided by 18?
17
Calculate the remainder when 450 is divided by 243.
207
Calculate the remainder when 9815 is divided by 10.
5
What is the remainder when 153 is divided by 70?
13
Calculate the remainder when 5302 is divided by 17.
15
What is the remainder when 1590 is divided by 27?
24
Calculate the remainder when 1526 is divided by 51.
47
Calculate the remainder when 203 is divided by 19.
13
Calculate the remainder when 727 is divided by 713.
14
Calculate the remainder when 315 is divided by 151.
13
What is the remainder when 2041 is divided by 14?
11
What is the remainder when 440 is divided by 33?
11
What is the remainder when 135 is divided by 12?
3
Calculate the remainder when 15615 is divided by 8.
7
What is the remainder when 175 is divided by 16?
15
Calculate the remainder when 143 is divided by 50.
43
What is the remainder when 32 is divided by 12?
8
What is the remainder when 392 is divided by 188?
16
What is the remainder when 61 is divided by 9?
7
Calculate the remainder when 232 is divided by 52.
24
What is the remainder when 1247 is divided by 114?
107
What is the remainder when 584 is divided by 14?
10
What is the remainder when 172 is divided by 16?
12
Calculate the remainder when 232 is divided by 22.
12
Calculate the remainder when 2627 is divided by 94.
89
What is the remainder when 333 is divided by 87?
72
What is the remainder when 140 is divided by 38?
26
Calculate the remainder when 7973 is divided by 8.
5
Calculate the remainder when 745 is divided by 16.
9
Calculate the remainder when 121 is divided by 27.
13
Calculate the remainder when 271 is divided by 34.
33
Calculate the remainder when 362 is divided by 146.
70
What is the remainder when 2370 is divided by 13?
4
What is the remainder when 1233 is divided by 15?
3
Calculate the remainder when 1996 is divided by 37.
35
Calculate the remainder when 1219 is divided by 61.
60
What is the remainder when 148 is divided by 51?
46
What is the remainder when 362 is divided by 52?
50
What is the remainder when 388 is divided by 15?
13
Calculate the remainder when 68 is divided by 19.
11
Calculate the remainder when 191 is divided by 9.
2
What is the remainder when 26107 is divided by 35?
32
Calculate the remainder when 6391 is divided by 156.
151
What is the remainder when 194 is divided by 31?
8
Calculate the remainder when 2265 is divided b